+ 5*h(s). Let m be q(-2). What is the greatest common factor of 384 and m?
16
Let y(d) = d**3 + 4*d**2 + 2*d - 8. Let b be y(-2). Let o be -21*3/(-14) + 6/b. Calculate the greatest common factor of o and 6.
3
Let l be (-3031)/(-35) - (-4)/10. Suppose l*c = 89*c - 830. Calculate the highest common divisor of c and 332.
83
Let l(h) = -2*h**2 + 19*h + 4655. Let i be l(53). Suppose -3*j = -0*j + 84. Let g = j - -50. What is the greatest common divisor of g and i?
22
Suppose -2452*b + 2456*b - 227 = -5*h, 0 = -5*b + 5*h + 205. What is the greatest common factor of b and 44?
4
Suppose 6221 = -5*s + 21116. Calculate the greatest common factor of 18 and s.
9
Let b(z) = -3*z**3 + 2*z - 6. Let g be b(3). Let a = g - -101. What is the greatest common divisor of a and 70?
10
Let y(r) = r**3 - 55*r**2 - 298*r - 119. Let q be y(60). What is the greatest common factor of q and 83?
1
Let a(m) = -27*m**3 - 13*m**2 - 15*m - 23. Let r be a(-5). Calculate the highest common divisor of 24 and r.
6
Suppose 3*o + 909 = -6*o. Let a = o + 127. What is the greatest common factor of a and 104?
26
Let r = -14 + 74. Let j be (-1 + 0)/((-6)/24). Let w be -1 - (-2 - (j - -35)). What is the greatest common factor of w and r?
20
Suppose -46*q + 63*q - 101556 = -76*q. What is the highest common divisor of 8 and q?
4
Let s(v) = 5*v + 12. Let f be s(-4). Let y = f + 14. Suppose -y*r + 193 = 25. What is the highest common divisor of 7 and r?
7
Let p be ((-20)/12)/(-2 + (-134)/(-66)). Let b = 64 + p. Let n = 21 - b. Calculate the highest common factor of 120 and n.
12
Let l be 0/(4 - 1) + -5 + 5. Suppose -4*a + y + 44 = l, a = -0*a + 4*y - 4. Suppose 1265 = -a*h + 17*h. What is the greatest common factor of 11 and h?
11
Let v = -1219 - -731. Let j = 534 + v. What is the greatest common divisor of j and 414?
46
Let o(s) = -2252*s**2 - s - 11 - 5*s + 2253*s**2. Let r be o(-3). Suppose -r*x = -398 - 322. Calculate the greatest common factor of 5 and x.
5
Let m = -44 - -107. Let o = 22 + -20. Suppose -r + 2*n = o*r - 31, -2*r + n = -20. What is the highest common divisor of r and m?
9
Suppose 3*o - 2*k - 56 = 0, -2*o = -3*k - 0*k - 29. Suppose -2*x + 401 = 49. Calculate the greatest common divisor of x and o.
22
Suppose -2*y + b = -24, b = -4*y + 3*y + 9. Let r = -7 + y. Let u be 115 - r/(-2) - 3. Calculate the highest common divisor of 38 and u.
38
Let y(w) = 15*w**3 - 3*w**2 - 4*w - 2. Let x be y(-2). Suppose -2886 = 27*m + 4674. Let t = x - m. Calculate the greatest common factor of 14 and t.
14
Let y = 49 - 35. Let m be -15011*(-24)/8568 - ((-129)/(-63) + -2). What is the highest common divisor of m and y?
14
Let g(r) = r**3 - 10*r**2 - 14*r + 15. Let f be g(14). Suppose 2*b = 6, -d + 4*d - 18 = 3*b. What is the greatest common factor of f and d?
9
Let j be (-27)/((-27)/12556)*1. Calculate the greatest common divisor of j and 584.
292
Suppose -2*p - a + 7151 = 0, 2*a + 267 = 4*p - 14047. What is the greatest common divisor of p and 21?
7
Let l = -171 - -191. Let v = 86 - 46. Calculate the greatest common divisor of v and l.
20
Let r be -7 + -3 + (27 - 13). What is the greatest common divisor of 1384 and r?
4
Let u(v) = -9*v - 387. Let b be u(-44). Suppose 12 = -g - 3. Let o = 21 + g. What is the greatest common factor of o and b?
3
Let r be 7*21 - (-86 + 77). What is the highest common factor of r and 18?
6
Let u be -3 - (2011 + 5)/4. Let y = -331 - u. What is the highest common factor of 44 and y?
44
Let z = -8 + 13. Suppose -2*r = 2*q - 30, -4*q - z*r = -2*q - 36. Suppose 0 = -4*v - v + 455. What is the highest common factor of q and v?
13
Suppose 4*g + 5*i - 1436 = 153, -3*i - 1212 = -3*g. What is the greatest common factor of g and 2?
1
Suppose 0 = 2*i + 3*q - 30, 2*i - 4*q = -0*q + 44. Suppose -3610 + 1018 = -18*g. Calculate the highest common factor of i and g.
18
Suppose -156*w + 160*w + 156 = 4*n, w = -3*n + 89. What is the highest common factor of 1944 and n?
8
Suppose 10*c - 146 = 12*c. Let y = c - -74. Let i be 2/(-5)*-5*8. Calculate the highest common factor of i and y.
1
Let b = 5127 - -6741. Calculate the highest common divisor of b and 69.
69
Let q be 131/2 + (-15)/10. Let h = -42 + q. Let u be 2*353/8 + (-93)/372. Calculate the highest common divisor of u and h.
22
Let b(s) = 10*s**2 - 14*s - 22. Let d be b(-9). Let x = -194 + d. What is the greatest common factor of 10 and x?
10
Let m = 70 + 29. Let g be (-188)/(-2350) + 627/(-25). Let l = g + m. What is the highest common factor of l and 111?
37
Let h = -499 - -1276. Suppose -2*n + h + 43 = 0. Calculate the greatest common factor of n and 10.
10
Let n(s) = -s**3 - 16*s**2 + 343*s - 9. Let v be n(-31). Calculate the greatest common divisor of v and 98.
49
Let a be -15 + 19 + (-2)/(-2). Suppose 118 = a*x + 28. Suppose -72 = -4*k - 0*k. What is the greatest common factor of x and k?
18
Let r(l) = 11*l**3 - 16*l**2 + l + 21. Let f be r(5). What is the greatest common divisor of 3773 and f?
77
Let j be -69*((-14)/2 - ((-100)/(-12))/(-25)). Calculate the greatest common factor of j and 40.
20
Let l(u) = 21*u - 733. Let v be l(36). Calculate the highest common factor of 2783 and v.
23
Let s be 2/((-5)/(-427440)*16). What is the highest common factor of s and 78?
78
Let y be -10*(-2)/24 - 4914/(-324). Suppose 4*k - 81 = h, k - 21*h - y = -25*h. Calculate the greatest common factor of 220 and k.
20
Let i = 34555 - 34390. What is the greatest common factor of i and 3190?
55
Let h = 631 + -628. Suppose 2*b + k + 6 = 22, -2*b - h*k + 20 = 0. Suppose 355 - 75 = 5*d. What is the highest common factor of d and b?
7
Let c(a) = 3*a**2 - 2*a - 6. Suppose -2*w = -42 + 36. Let z be c(w). Let y = 25 - 10. What is the highest common factor of y and z?
15
Let m(q) = -6*q - 192. Let d be m(-35). What is the greatest common divisor of 2250 and d?
18
Let h(s) = s**3 + s**2 - 3*s + 3. Let o be h(3). Suppose 0 = -4*w - 39*w + 14749. Suppose 0 = 12*y - w - 197. What is the highest common factor of y and o?
15
Let o = 10 + 60. Let x(v) be the first derivative of 14*v**3/3 + v**2 - 2*v - 6. Let r be x(1). Calculate the highest common divisor of o and r.
14
Let q be (2/6)/((-8)/(-1368)). Let h(b) = -b**2 - 64*b + 208. Let s be h(-66). What is the greatest common factor of s and q?
19
Let m be 2/(-17) + 2/(-34)*(27 + -1712). What is the highest common divisor of m and 1008?
9
Let w be (-3 + (-22)/(-6))*9. Suppose -w*g - 1 = -25. What is the highest common divisor of 108 and g?
4
Suppose -12*n = 3*n - 6681 + 1551. What is the highest common factor of n and 558?
18
Let y = 19 - 16. Suppose -y*f - 6*k = -k - 5, 4*k = 4*f - 60. Let r = -52 + 62. What is the greatest common factor of f and r?
10
Suppose 23*y - 5 = 478. Calculate the greatest common divisor of y and 27.
3
Let d(n) = 1000*n + 6001. Let b be d(-6). What is the greatest common divisor of b and 1665?
1
Let o = -65 + 93. Let l(c) = -8*c + 25. Let t be l(-10). Suppose 60 = 2*n - 4*j, 5*n + 2*j - 33 = t. What is the greatest common factor of n and o?
28
Let i = 44 + -9. Suppose 269664*t = 269712*t - 4368. Calculate the greatest common factor of i and t.
7
Let p(q) = q**2 - 2*q - 6. Let t be p(-2). Suppose -4*n + 0*w + 203 = -w, t*w = 4*n - 198. Let x = -35 + n. Calculate the highest common divisor of x and 51.
17
Suppose -3*s + 42 = 4*u, -151 + 175 = -4*s. Calculate the greatest common factor of u and 555.
15
Suppose -1 = -l, -335*l + 330*l + 32305 = 4*q. What is the highest common factor of 51 and q?
17
Suppose -53*h - 37 = -4*j - 50*h, -3*j - 2*h + 32 = 0. Calculate the greatest common factor of 11220 and j.
10
Let x(y) = y**2 - 56*y - 112. Let d be x(58). Calculate the highest common factor of d and 67.
1
Suppose -5*a = -0*a + x + 2, -3*a - 8 = 4*x. Suppose -121*p + 122*p - 30 = 0. Suppose 2*m = -a*m + p. What is the highest common divisor of 3 and m?
3
Let u = -9754 - -13243. What is the greatest common factor of 3 and u?
3
Let w be 18166/341 - 6/22. What is the highest common divisor of 3869 and w?
53
Suppose -11*r - 8 = 14. Let o be (-12)/r*4/(-6). Let q be (o - 0)*(-21)/14. Calculate the greatest common divisor of 6 and q.
6
Let b(d) = 47*d**2 + 119*d + 2863. Let g be b(-18). Calculate the highest common factor of 41 and g.
41
Suppose -2*f = -5*v + 7 + 3, 15 = -3*f - 2*v. Let t b